 What are the prime factors of r?
2, 73
What are the prime factors of (0 + 1)*(304 + 16)?
2, 5
Let i = -9 - -2. Let c(o) = -2*o - 9. Let p be c(i). Suppose 30 = p*a - 30. What are the prime factors of a?
2, 3
List the prime factors of 29*(-9)/6*(-2)/3.
29
Suppose -16 + 6 = -5*l. Suppose -4*r + l*p = 7*p, 5*r = 5*p + 45. Suppose 226 = r*k + 2*s, -49 = -2*k + 3*s + 30. What are the prime factors of k?
2, 11
List the prime factors of 4 + 3 + 695 + 7.
709
Let f be 1*(-1 + 0)*0. Suppose f = 2*m + 5*z, z + 11 = 5*m - 16. Suppose -2*y + 6 = -o - o, 2*o - 29 = -m*y. What are the prime factors of y?
5
Let z = 0 - -4. Suppose 6*f - 216 = z*f. List the prime factors of f.
2, 3
Let s = 39 + 103. Suppose 4*k = -3*z + s, 4*k + 100 = 5*z - 94. List the prime factors of z.
2, 3, 7
Suppose -15 + 6 = -3*v. Suppose 2*u + 587 = v*h, 0 = -3*h + 4*h - 4*u - 209. What are the prime factors of h?
193
Let d = -7 + 4. What are the prime factors of (1 - 0 - d)*82/8?
41
Let x = 1643 - 296. What are the prime factors of x?
3, 449
Let i = -424 + 1704. List the prime factors of i.
2, 5
Let p(x) = 15*x - 28. Let b = 22 + -13. What are the prime factors of p(b)?
107
Let t(b) = b**2 - 11*b - 5. List the prime factors of t(20).
5, 7
Let f be (-164)/7*(-7)/2. Suppose -o + f = 19. List the prime factors of o.
3, 7
Let c = 74 - 110. What are the prime factors of (-4)/(-18) - (1 - (-4384)/c)?
11
Suppose o + p - 71 = -4*o, 3*p + 87 = 5*o. Suppose -3*d - 2*d + 35 = 0. Suppose d*r = 2*r + o. What are the prime factors of r?
3
Suppose 3*h - 1 = 11, -4*y + 2*h + 904 = 0. What are the prime factors of y?
2, 3, 19
Let s = -969 + 2870. What are the prime factors of s?
1901
Let c be (-1)/4 + 90/40. Suppose -2*j + 5*n = -94 - 161, -132 = -j - c*n. What are the prime factors of j?
2, 5, 13
Let m(q) = -q**3 - 5*q - 12*q**2 - 2*q - 3*q + 5. Let g be m(-11). List the prime factors of (95/10)/((-3)/g).
19
Suppose -15*f = -13*f - 460. What are the prime factors of f?
2, 5, 23
Let n = -1383 - -3368. List the prime factors of n.
5, 397
Suppose t - 74 + 4 = 0. Suppose -5*i - t = -10*i. Suppose 0 = -a + 44 - i. List the prime factors of a.
2, 3, 5
Let c = 49 + -44. Suppose -479 - 361 = -c*z. What are the prime factors of z?
2, 3, 7
Let r(x) = x**3 - 12*x**2 + 21*x - 9. What are the prime factors of r(12)?
3
Let t(h) = -207*h + 19 + h**3 + 0*h**2 + 10*h**2 + 210*h. List the prime factors of t(-8).
3, 41
Suppose -5*p = -5*z + 180, -z - 3*p + 55 = 7. Let n = 90 + z. What are the prime factors of n?
3, 43
Suppose -4*k = -0 - 8. Suppose 5*j - 3*j - 32 = -5*s, -k*s + 20 = 2*j. Suppose 2*v = v + 3*h + 25, 0 = -3*h - j. List the prime factors of v.
19
Let a = 23 + -30. List the prime factors of 4 + a + 0 + 139.
2, 17
Let s(l) be the second derivative of l**3 - l**2/2 - l. Suppose 0 = -2*g, -3*d + 3 = 4*g - 6. List the prime factors of s(d).
17
Let j = -1618 + 5136. List the prime factors of j.
2, 1759
Let o be 2/(-6) + (-50)/(-6). Let k = o - -14. What are the prime factors of k?
2, 11
Let m = -346 - -529. List the prime factors of m.
3, 61
Let z be 2*(-3)/(-2)*1. Suppose -4*r = 4*b - 28, z*b + 0 - 9 = 3*r. Suppose 23 = b*s - 142. List the prime factors of s.
3, 11
Let n be (-50)/(-18) - 3 - 1317/27. Let f = 16 - 9. What are the prime factors of 21/n - (-66)/f?
3
Let w(g) = 3*g**2 + 7*g + 20. Let d(k) = -k**2 + k + 1. Let b(o) = 2*d(o) + w(o). What are the prime factors of b(-13)?
2, 37
Suppose 3*r + 6 = d + r, 3*d - 5*r - 15 = 0. Suppose d*w = w - 4*h - 44, 0 = 4*w - 2*h - 134. Suppose -2*t = -t - w. List the prime factors of t.
2
Suppose -5*i = -4*h - 1335 - 2303, -i = h + 914. Let s = -8 - -11. List the prime factors of h/(-36) + (-1)/s.
5
Suppose -2*t - 3*t + 830 = 0. Let y = t - 112. List the prime factors of y/(2 + 1)*1.
2, 3
Let b = 943 - -1881. List the prime factors of b.
2, 353
Let f(s) = -s**3 - 27*s**2 - 26*s - 50. What are the prime factors of f(-27)?
2, 163
Let k = 76 - 72. What are the prime factors of (-1119)/(-21) - k/14?
53
Let b(y) = 32*y - 43. What are the prime factors of b(19)?
5, 113
Let d(s) be the second derivative of -s**5/120 + s**4/12 + s**3/6 - 2*s. Let k(h) be the second derivative of d(h). List the prime factors of k(-7).
3
Suppose -4*d = 4*j - 4652, 5*j - 9*j = d - 4667. List the prime factors of j.
2, 73
Suppose 175 = 5*q - 5*j, 4*j = -3*q + 4*q - 50. Suppose -5*u - 4*a = -9, -3*a + 5 - 37 = -4*u. Suppose u*x - 45 = q. What are the prime factors of x?
3, 5
Let x(d) = 4*d**3 - 2*d**2 - 2*d + 3. Let u be x(2). Suppose -18*i + u*i = 200. List the prime factors of i.
2, 5
Let i be 4 - (2 - 0) - 0. Let m(d) = 5*d**2 + d - 4*d + d + i + d. List the prime factors of m(-2).
2, 3
Suppose -j - 5*g - 10 = -5, -4*g - 4 = j. Suppose -123 = -3*m - 2*h, j = m + m - 3*h - 69. Let n = m - 28. What are the prime factors of n?
11
Suppose -14*p = -4*p - 660. List the prime factors of p.
2, 3, 11
Let c be (4/(-6))/((-18)/27). Suppose -5*k + o = 35, k = -o - c - 0. List the prime factors of 2*(0 + (-39)/k).
13
Let s(m) = 5*m + 17. Let d(l) = 11*l + 35. Let u(q) = -4*d(q) + 9*s(q). Suppose 5 = -t - 5*k, -k + 4*k = 4*t - 3. List the prime factors of u(t).
13
Let u = -260 - -447. Suppose 0 = -3*i + u + 143. Let r = i - 29. List the prime factors of r.
3
Let o = 47 - 17. Let r = -27 + o. Suppose r*b = -50 + 161. List the prime factors of b.
37
Let j be (-32)/(-18) - 2/(-9). Suppose -5*b - 5*l = -l - 155, j*b - 62 = l. List the prime factors of b.
31
Let i = 347 + -195. What are the prime factors of i?
2, 19
Let z(h) be the first derivative of -h**3/3 - 15*h**2 + 5*h - 10. List the prime factors of z(-24).
149
Let a = -1452 - -2658. List the prime factors of a.
2, 3, 67
Let z(x) = 39*x**3 - 2*x**2 - 2. What are the prime factors of z(3)?
1033
Suppose -6*r - i = -3*r - 7, 4*r + 5*i - 13 = 0. Suppose -2*n = f - 2, r*f - 3 - 4 = -n. What are the prime factors of f?
2
Suppose -3*f + 295 = 109. Let y(w) = -55*w + 7. Let g be y(-3). Suppose -g = -5*p - f. What are the prime factors of p?
2, 11
Let v(q) = -2*q**2 - 5*q**3 + 3*q**2 + 2*q**3 - q + 10 + 2*q**3. Let r be v(0). Let j(m) = -m + 20. What are the prime factors of j(r)?
2, 5
Let a(u) = 4*u + 10. Suppose -3*w - 1 = -16. List the prime factors of a(w).
2, 3, 5
Suppose 0*o + 22338 = 18*o. What are the prime factors of o?
17, 73
Suppose 2*i + y - 166 = 0, i - 61 = -0*i + 5*y. Suppose -i = -4*m + 5*r, 4*m = -r - 2*r + 105. List the prime factors of m.
2, 3
Let a(i) = -22*i - 9. Let t = -17 + 12. Let p be a(t). Suppose 5*r + 135 = 3*z + 28, -3*z + p = r. What are the prime factors of z?
2, 17
Let u(y) = -3*y + 1. Let g be u(-1). Suppose 0 = -3*h + 1 - g, p - h = 45. What are the prime factors of p + -2 - (-8 + 6)?
2, 11
Suppose -3*o - 3*s + 1 = -2, -3*s = o - 3. Suppose o = -10*t + 11*t. Suppose t = 3*n + 3, n = 3*r + 2*r - 86. What are the prime factors of r?
17
Let p = 177 - 43. Suppose 5*x - 709 = -l + 3*l, 3*l + p = x. What are the prime factors of x?
11, 13
Let t = 9 - 4. Suppose t*b = 7*b - 30. Let l = b + 1. List the prime factors of l.
2
Let q = -255 + 2616. List the prime factors of q.
3, 787
Let w(j) be the third derivative of j**5/60 - 3*j**4/8 + 23*j**3/6 + 18*j**2. List the prime factors of w(9).
23
Suppose 2796 = f - 2*y, -4*f + 114*y - 117*y + 11239 = 0. What are the prime factors of f?
2, 23, 61
Let n = -42 - -44. Suppose 76 = -n*j + 4*j. What are the prime factors of j?
2, 19
Suppose 0*g + 28 = 2*g. Let n = -8 + g. Suppose 5*t - n = 74. What are the prime factors of t?
2
Let g(p) = 2*p**2 + 3*p + 2. Let z(v) = 2*v**2 + 4*v + 3. Let b(t) = -5*g(t) + 6*z(t). List the prime factors of b(-6).
2, 13
Suppose 3 = -d - 2, 0 = 3*t - d - 32. Suppose t = -4*o + 7*o. Suppose -26 = -4*x + o*x. List the prime factors of x.
2, 13
Let v be (-1)/(-2) + 33/2. Let p = v - 7. Suppose 2*n = -3*s + 3 + 29, 2*n = -p. What are the prime factors of s?
2, 7
Let w(d) = -d**2 + 8*d - 6. Let n be w(5). Let o(v) = v + 3. Let j be o(0). Suppose -x + 5*x + 3*q = 39, -n = x - j*q. What are the prime factors of x?
2, 3
Let v = 379 - 301. List the prime factors of v.
2, 3, 13
Let r(f) = -3*f + 4. Let w be r(-2). Suppose 358 = -8*h + w*h. What are the prime factors of h?
179
Suppose -10 = 4*a - 26. Let y = a - -13. List the prime factors of y.
17
Let n(k) = -k - 7. Let u 